e highest common divisor of 803 and 3137978.
73
What is the greatest common divisor of 589 and 134991143?
589
Calculate the greatest common divisor of 259050 and 5205.
15
Calculate the greatest common factor of 134685 and 84645.
45
Calculate the highest common factor of 19234570 and 20770.
310
Calculate the greatest common divisor of 15 and 91525935.
15
What is the greatest common factor of 617423 and 7599?
17
What is the greatest common divisor of 814 and 1680975527?
407
What is the greatest common divisor of 596 and 98612?
4
Calculate the highest common factor of 182028 and 11551883.
1379
What is the highest common factor of 74426 and 5746?
34
What is the greatest common factor of 7833 and 81875738?
2611
Calculate the highest common divisor of 603 and 3996564606.
603
What is the greatest common divisor of 136544 and 1782416?
272
What is the greatest common divisor of 29 and 1083469?
29
What is the greatest common factor of 845 and 38897105?
65
What is the greatest common factor of 6891956 and 8?
4
Calculate the highest common divisor of 2912 and 42427424.
416
What is the highest common divisor of 1542 and 3406792?
514
What is the highest common divisor of 12222462 and 882?
294
Calculate the highest common factor of 61575705 and 405.
45
What is the greatest common factor of 258291 and 76428?
99
Calculate the greatest common factor of 72 and 636084.
36
Calculate the greatest common divisor of 27 and 412263.
27
Calculate the greatest common divisor of 6853500 and 32625.
1125
Calculate the greatest common divisor of 5085888 and 7368.
24
Calculate the greatest common divisor of 240 and 57372255.
15
Calculate the highest common factor of 1860283 and 2987.
103
Calculate the highest common factor of 5491 and 8058476.
289
What is the highest common divisor of 783904 and 282567?
131
Calculate the highest common divisor of 165896696 and 16.
8
What is the greatest common divisor of 47086 and 29809?
13
Calculate the highest common divisor of 8416610 and 80.
10
What is the greatest common divisor of 8835279 and 279?
93
What is the greatest common divisor of 179349 and 297663?
939
Calculate the greatest common divisor of 112 and 25668272.
112
Calculate the greatest common divisor of 188 and 540070420.
188
What is the greatest common factor of 5586 and 2472736?
1862
What is the greatest common divisor of 94985 and 2617190?
785
What is the highest common factor of 37449 and 2711439?
657
Calculate the highest common divisor of 2229321 and 42297.
69
Calculate the highest common divisor of 1497 and 30555267.
1497
Calculate the greatest common divisor of 5204145 and 640.
5
Calculate the highest common divisor of 462696 and 48.
24
What is the highest common factor of 8262 and 1131055407?
4131
Calculate the greatest common divisor of 11503716 and 1232.
28
What is the highest common factor of 166 and 6990509?
83
Calculate the greatest common factor of 1368 and 2448549.
171
Calculate the greatest common factor of 1946 and 34162198.
14
What is the greatest common factor of 418 and 17518?
38
Calculate the highest common factor of 4485592 and 31035.
2069
What is the greatest common divisor of 35673 and 425799?
759
Calculate the greatest common factor of 10160 and 684810416.
2032
What is the highest common divisor of 1436683 and 6583?
227
Calculate the highest common factor of 24398264 and 21573.
799
What is the highest common divisor of 1684 and 14234431?
421
What is the greatest common factor of 23520 and 418950?
1470
What is the greatest common divisor of 631070213 and 3235?
647
Calculate the greatest common divisor of 538596 and 43119.
27
Calculate the highest common factor of 492 and 1259298.
6
Calculate the highest common factor of 64 and 1614560.
32
Calculate the highest common divisor of 3586 and 259666.
22
Calculate the highest common factor of 20 and 7773116.
4
Calculate the highest common divisor of 3420736 and 7458.
2486
What is the greatest common divisor of 4 and 1587396?
4
Calculate the greatest common divisor of 759524 and 8.
4
Calculate the highest common factor of 46208 and 13357.
361
Calculate the greatest common factor of 150452 and 162125.
1297
What is the greatest common factor of 79112 and 6336?
88
Calculate the highest common factor of 1815 and 39180.
15
What is the greatest common factor of 18575 and 1104098?
743
What is the greatest common factor of 9 and 654585?
3
What is the greatest common factor of 83278 and 570134?
6406
Calculate the highest common divisor of 194 and 12808947.
97
Calculate the highest common divisor of 5425 and 489475.
175
Calculate the greatest common divisor of 31340 and 740023585.
7835
What is the highest common divisor of 164086351 and 3674?
1837
What is the greatest common divisor of 106309904 and 7824?
2608
Calculate the highest common divisor of 134834560 and 3584.
896
Calculate the highest common divisor of 81948299 and 41.
41
Calculate the highest common divisor of 4775280 and 1005.
15
What is the greatest common divisor of 1288 and 355044284?
644
What is the greatest common divisor of 9078133 and 465?
31
What is the highest common divisor of 18229708 and 7?
7
Calculate the highest common factor of 6681 and 849928.
131
Calculate the highest common divisor of 125 and 80965150.
25
What is the greatest common factor of 36347 and 2680113?
1913
Calculate the highest common divisor of 309618978 and 6.
6
Calculate the greatest common factor of 150 and 35554.
2
Calculate the greatest common divisor of 8680 and 2397920.
280
What is the greatest common factor of 20674 and 1126?
2
What is the highest common factor of 6764616 and 104904?
3384
What is the highest common divisor of 32 and 72530512?
16
Calculate the highest common factor of 55727 and 4100334.
2933
What is the greatest common factor of 5698790 and 8226?
914
Calculate the highest common divisor of 47561108 and 77.
7
What is the greatest common factor of 1914 and 2862486?
66
What is the greatest common factor of 77120384 and 1408?
1408
Calculate the highest common divisor of 2992 and 183600.
272
What is the highest common factor of 73944 and 6469632?
936
Calculate the highest common divisor of 39 and 43557839.
13
What is the highest common factor of 430639 and 209981?
3559
Calculate the greatest common factor of 69995172 and 312.
156
Calculate the highest common divisor of 1798 and 107435894.
1798
What is the greatest common divisor of 214165 and 1827?
203
What is the greatest common divisor of 19514 and 55858?
22
What is the highest common factor of 2615 and 222055?
5
Calculate the greatest common factor of 3204 and 1666242.
18
What is the highest common factor of 125696536 and 168?
56
What is the greatest common divisor of 3030872 and 33824?
1208
Calculate the greatest common factor of 819 and 612631656.
819
What is the highest common divisor of 80937 and 327267?
3519
What is the highest common factor of 473 and 745405?
43
Calculate the greatest common divisor of 2795744 and 118384.
784
What is the highest common divisor of 328 and 78955012?
164
Calculate the greatest common factor of 8407680 and 755.
755
Calculate the highest common factor of 1050 and 2973350.
50
Calculate the highest common factor of 1749 and 36969567.
159
Calculate the highest common factor of 20056 and 17845916.
436
Calculate the highest common factor of 198 and 17419380.
66
What is the highest common factor of 66688 and 2440364?
2084
Calculate the greatest common divisor of 95948712 and 405.
81
What is the highest common factor of 63 and 54115542?
9
What is the greatest common factor of 30765 and 4119873?
879
Calculate the greatest common factor of 1218116440 and 5458.
5458
Calculate the greatest common divisor of 729 and 30596616.
243
What is the greatest common factor of 1291 and 53817917?
1291
Calculate the highest common divisor of 144 and 41820400.
16
What is the highest common divisor of 6053511 and 6?
3
What is the greatest common divisor of 598 and 22398389?
299
What is the greatest common factor of 28695 and 159855?
15
What is the highest common factor of 7880 and 6305970?
1970
Calculate the highest common factor of 282 and 111161439.
141
Calculate the highest common factor of 4732059728 and 176.
176
What is the greatest common divisor of 387682448 and 592?
592
What is the grea